ppose 0 = 33*h + 2660 - 18599. Let w = 478 - h. What is g(w)?
-13
Let d(k) = 3*k**3 + 3*k**2 - 4*k + 2. Let n be d(1). Let j(t) = -n + 2 + t**2 - 3 + 3. Give j(2).
2
Let m be (-16)/(-6) + (-34)/51 + 0. Suppose -m*x + 7*j - 3*j - 16 = 0, -j = -5. Let i(y) = -3*y - 2 + 2*y + y + x*y. Calculate i(-4).
-10
Let r(d) = d**3 + 7*d**2 + 7*d + 8. Let u be r(-6). Let b be u*(-1 - (-1)/2)*-2. Suppose j = 2*x + 4, -b*j = -7*j. Let z(a) = 2*a. Determine z(x).
-4
Let p(s) = -9*s - 7. Suppose 15*z + 164 = 149. What is p(z)?
2
Let l = 1292/3885 - -1/1295. Let h(w) be the second derivative of 3/2*w**2 + l*w**3 + 25*w + 0. Determine h(-4).
-5
Let l(q) = 2*q**2 + 19*q - 12. Let g(j) = -12*j - 142. Let u be g(-11). Determine l(u).
-2
Let n(y) = -y**3 - 11*y**2 - 17*y + 2. Let a(p) = p**3 + 14*p**2 + 24*p - 1. Let s(c) = 2*a(c) + 3*n(c). Let d be (-3)/(-1 - 0 - -2). Give s(d).
-5
Let h(k) be the first derivative of k**2/2 - 3*k - 5013. Determine h(-1).
-4
Let i(f) be the third derivative of f**5/15 - 5*f**4/24 - 5*f**3/3 - 3027*f**2. Determine i(-2).
16
Suppose -5*o - 116 = -3*u, 5*o - 114 = -2*u + o. Let p(s) = 52*s + 6 - 97*s + u*s. Suppose -2*j - 24 = 2*w, 8 = -2*w + 3*j - j. Calculate p(w).
-10
Let v(p) = -9 + 5*p + 74 - 37. Calculate v(-8).
-12
Suppose 5547*l - 540 = 5565*l. Let x(a) = 2*a + 54. Determine x(l).
-6
Let a = -38 + 40. Let j(i) = 7 - 14 + i + a. Let u be (3 + -2)*45/9. Give j(u).
0
Let f(o) = 121*o + 5. Let g(j) = -101*j - 5. Let t(u) = -5*f(u) - 6*g(u). Calculate t(-11).
-6
Let p(c) be the first derivative of 1/120*c**5 + 14/3*c**3 + 1/12*c**4 + 0*c - 19 + 0*c**2. Let q(n) be the third derivative of p(n). Calculate q(-8).
-6
Let w(j) = -2*j**3 - 65*j**2 - 2*j - 51. Let x(c) = -5*c**3 - 165*c**2 - 5*c - 129. Let m(l) = -13*w(l) + 5*x(l). Let t = -44 - -24. Calculate m(t).
-2
Let c(b) = 124*b + 19. Let r(t) = -396*t - 58. Let p(w) = -16*c(w) - 5*r(w). Determine p(15).
-74
Let y(f) = -2*f**2 - 34*f - 123. Suppose 28*l = -141*l - 1014. Give y(l).
9
Let a = -6528 - -6525. Let p(f) be the second derivative of 5*f**3/6 + 3*f**2/2 + 2*f. Calculate p(a).
-12
Let h(u) = u**2 - 11*u. Let o(m) = m**3 + m**2 - 94*m + 4. Let k(b) = -9*h(b) + o(b). Let x be 5 + ((-8)/(-2) - 2). Determine k(x).
-10
Suppose -4*k + 11 = 7. Let v(s) = -s - 1 + 0 - k - 1. Let w be (-4)/(-14) - 345/105. Determine v(w).
0
Let o = 21155 + -21150. Let g(s) = -s**3 + 3*s**2 + 9*s + 38. Calculate g(o).
33
Suppose -2*o - 43 = 23. Let i be ((-1441)/o)/((-2)/(-6)). Let b = -124 + i. Let w(n) = n**2 - 6*n - 1. Determine w(b).
6
Suppose -6*i - 108 + 24 = 0. Let k = -19 - i. Let s(p) = 4*p + 9. Let q(o) = -1. Let b(g) = 4*q(g) + s(g). Give b(k).
-15
Let j(v) = 3*v + 7. Let x(s) = -s**2 - 41*s - 90. Let k be x(-36). Suppose k*c = 84*c - 30. Determine j(c).
-8
Let j(t) = t**3 - t**2 + 12*t - 4. Suppose 2*l = -4*z + 2 + 18, -z = 5*l - 5. Let x be j(l). Let f(d) = 2*d**2 + 10*d + 6. Give f(x).
-2
Suppose -9*x + 10 = 64. Let s(f) = 4*f**3 - f**2 - 7*f + 8. Let w(i) = -3*i**3 - i**2 + 6*i - 7. Let t(n) = 2*s(n) + 3*w(n). Give t(x).
7
Let z be (-1 + 4)/(-8 + (-187)/(-22)). Let w(o) = -23*o + 140. Determine w(z).
2
Let x(j) be the first derivative of -j**2/2 - 3*j + 951. Suppose -3*y = 32 - 2. Give x(y).
7
Let u(n) be the second derivative of -n**5/20 + 7*n**4/12 + n**3/6 - n**2 + n. Suppose -235 = -556*m + 1608 + 456 + 1593. Calculate u(m).
5
Let s be 8/10*(-25)/(-10). Suppose 3*b - 10 = 4*i, b + 3*i + 2 = 7*i. Let a(z) = -z + 0*z**s + b*z - z**2 - 4. Calculate a(5).
-4
Let z = -506 + 574. Let o(p) = 75 - 6*p + 5*p - 144 + z + 38*p**3. Give o(-1).
-38
Let o = 1502 + -1496. Let i(l) be the third derivative of -1/120*l**o + 29*l**2 + 1/12*l**5 - 1/3*l**3 + 0*l - 1/12*l**4 + 0. What is i(3)?
10
Suppose 10*r + 230 = 260. Let n(j) = 4*j**2 - 10*j - 12. Let t(d) = -11*d**2 + 30*d + 34. Let x(a) = r*t(a) + 8*n(a). Give x(12).
-18
Let i(b) = -27*b + 25. Suppose t - 75 = -2*w - 96, -24 = -t + 3*w. What is i(t)?
106
Let n(g) = 18*g**2 + 46*g + 5. Let u(x) = 36*x**2 + 80*x + 9. Let d(c) = 7*n(c) - 4*u(c). Let t(h) = -h + 1. Let z be t(0). Determine d(z).
-17
Let i(j) be the second derivative of -j**4/12 - j**3 + 17*j**2/2 + 2*j + 149. Give i(-7).
10
Let v(k) = 719 - 180 - 183 - 8*k - 175 - 182. Give v(-8).
63
Let u(j) = 8*j**2 + 0*j**2 - 1610 + 1609 + 22*j. Let o(n) = -3*n**2 - 7*n. Let k(q) = 11*o(q) + 4*u(q). Give k(10).
6
Let c(g) be the second derivative of -121*g**4/12 + 2*g**3/3 - g**2/2 - 3*g - 9. Determine c(1).
-118
Let l(n) be the first derivative of -n**2/2 - 1. Let z be ((-900)/6)/(3/(-2)). Suppose 0*t + 20*t = -z. What is l(t)?
5
Let z(d) = 3*d - 8. Let a be z(4). Suppose -42 = -5*f - a*c, -3*f + 2*c + 27 = 5*c. Let k(v) = v**3 - 1 - 6 + 1 - 6*v - 5*v**2 + 0*v**2. Determine k(f).
-6
Suppose 33 - 32 = d. Let v(o) = -2*o**2 + 3*o + 1. Let z be v(d). Suppose 3*c = 5*u - 18, -c - z = c. Let j(m) = -m**2 + 4*m - 2. What is j(u)?
1
Let j = 14 - 2. Let m be ((-2)/12)/(-4 - (-46)/j). Suppose -2*b + m = 7. Let g(k) = 2*k + 2. Calculate g(b).
-4
Let o(z) = 2*z**2 + 3 + 6*z**3 + 4*z + 0*z**2 - 12*z**3 - 7*z**3. Let c(k) = 27*k**3 - 4*k**2 - 9*k - 7. Let i(u) = -4*c(u) - 9*o(u). What is i(1)?
8
Let m(x) = -8956*x**3 - 49*x**2 + 13*x**2 - 8957*x**3 + 17914*x**3. Calculate m(36).
0
Let d(u) = -17*u. Let b(h) = 9*h. Let s(o) = -11*b(o) - 6*d(o). Let m be ((-2)/4)/(53/318). What is s(m)?
-9
Let i be (24/56 - (0 - -1))*-35. Suppose i = 7*l + 34. Let v(k) = -10*k + 4. Let j(f) = -11*f + 5. Let d(w) = 5*j(w) - 6*v(w). Calculate d(l).
-9
Let o(j) = -j - 1. Suppose q + 2 = 2*t - 3*t, 3*q = -t. Let f(b) = -27*b - 8. Let d(p) = 96*p + 26. Let c(k) = -4*d(k) - 14*f(k). Let g be c(q). What is o(g)?
-3
Let s be 0/(64/(-34) + (-46)/391) - -3. Let p(f) = f**3 - 2*f**2 - 2*f. Calculate p(s).
3
Let r(a) be the third derivative of -3*a**5/20 + a**4/8 + a**3/3 - 8*a**2. Let p be (0 + -3 - -11) + (6 + -56)/5. Determine r(p).
-40
Suppose 4*q - 153 = 5*k + 419, 4*k = 5*q - 715. Let b = -139 + q. Let f(y) = 2*y - 3*y - 3 + 5*y**2 - 4*y**2. Give f(b).
9
Let w(q) = -7*q - 39. Let n be w(-6). Let g(t) = -6*t**n + 0 + 2*t**3 + 3*t**2 + 3*t**3 - 4*t + 2. What is g(4)?
-30
Let g(u) be the second derivative of 3*u**5/20 + u**4/2 + u**3 + 7*u**2/2 - 3813*u. Determine g(-4).
-113
Let s(w) = 2*w**3 + 46*w**2 + 225*w + 10. Let g be s(-7). Let b(m) = -3 + 5*m + 2 + 5*m - 2. Give b(g).
27
Let a(o) = 9*o - 535*o**3 + 7 + 175*o**3 + 2*o + 179*o**3 + 180*o**3. Calculate a(4).
-13
Suppose 102*r + 9*r + 68 + 43 = 0. Let x(c) = -78*c. Calculate x(r).
78
Let q(g) be the second derivative of 5 - 1/12*g**4 - 2*g - 4*g**2 + 5/3*g**3. Give q(8).
8
Let h(y) be the second derivative of -y**4/12 - y**3/3 + 5*y**2/2 - 2*y - 51. Let m be (-4)/8*-2 - -3. Suppose f + m = -0. Calculate h(f).
-3
Let c(h) = -38*h**3 + 5*h**2 + 6*h + 3. Let k be c(-2). Let a = -324 + k. Let m(f) = f**3 + 8*f**2 - 10*f - 12. Calculate m(a).
-3
Let i(p) be the third derivative of -p**5/60 - 11*p**4/6 - 39*p**3/2 - 19*p**2 + 5*p - 19. Give i(-41).
6
Let n(p) be the second derivative of 0 - 212*p - 1/3*p**3 + 7/2*p**2. Let g be 2/(-5) + 64/10. Give n(g).
-5
Let s(h) = -3*h - 36. Let j(y) = -y - 18. Let l(r) = -5*j(r) + 3*s(r). Let z(m) = -942*m + 244914. Let v be z(260). Determine l(v).
6
Let y(o) = -2*o**2 - 4*o - 2. Let k be y(-2). Let p(x) be the first derivative of -2*x**3 - x**2 + x - 513277. Give p(k).
-19
Let o(h) = h + 11. Suppose 0 = -11*s + 10*s + 1. Suppose -k - p + 3 = s, -3*p = -5*k + 18. Suppose 4*n + 14 = 4*g + 50, -3*n + k = 0. Give o(g).
3
Let o(w) be the third derivative of w**6/120 - 3*w**5/20 + 7*w**4/24 + 7*w**3/6 + 2*w**2. Let l be 192/(-56)*((-1)/(33/143) - -2). Determine o(l).
-1
Let s(m) = -9*m**2 - 6*m - 4. Let j(c) = -4 + 2*c**2 + 2*c - 2 + 7. Let z(a) = -4*j(a) - s(a). Determine z(-2).
8
Let u be 4*1 - (-10)/17*-17. Let o(x) = x**3 + 4*x**2 - 13*x - 15. What is o(u)?
-9
Let j(d) = -8*d**2 + 6*d + 9. Let b(i) be the first derivative of 10*i**3/3 - 7*i**2/2 - 10*i - 41. Let w(r) = 5*b(r) + 6*j(r). Determine w(-3).
19
Suppose 210 = 7*z + 175. Suppose 4*w - z*b = -16, -2*w = w - 4*b + 13. Let y(u) = -u**2. What is y(w)?
-1
Let c = -110 + 107. Let f(y) = 5*y - 1. Let a(s) = -9*s + 4. Let k(v) = c*a(v) - 5*f(v). Let j be k(3). Let i(l) = 27*l**2 - l - 1. What is